 b = a - -78. Calculate m(b).
7
Let q(k) be the third derivative of -k**5/60 - 2*k**4/3 + 7*k**3/6 + 4*k**2 + 5*k. Let h(g) = g**2 + 8*g - 3. Let l(d) = 5*h(d) + 3*q(d). Calculate l(4).
6
Suppose -5*d + 5*y = 8*y - 184, -108 = -3*d - 3*y. Let l(c) = -19*c + 2 - 20*c + d*c + 10. Calculate l(10).
2
Let l = -219 + 117. Let x = 104 + l. Let k(j) = -2*j**3 - 4*j**2 + 2*j. Let s(d) = d**3 + 2*d**2 - d. Let n(y) = -3*k(y) - 5*s(y). Give n(x).
14
Let a(s) = 2*s + 0*s - 4 - s. Let i = 122374 + -122374. Calculate a(i).
-4
Let k = -82 - -61. Let j be (-3345)/k + (-10)/35. Let d be j/(-33) + (-4)/22. Let h(l) = -2*l + 6. What is h(d)?
16
Suppose -3*j = -5*l - 16, 3*l + 7 = -3*j - 17. Let y(p) = -p + 17. Determine y(l).
22
Let g(l) be the second derivative of 2/3*l**3 + l**2 + 2*l - 60. Determine g(2).
10
Let f(i) be the second derivative of -i**4/12 + 13*i**3/6 - 9*i**2/2 - 3479*i. Suppose 60 = -t + 6*t. Calculate f(t).
3
Let m(w) be the first derivative of w**5/20 - w**3/6 - w**2/2 + 30*w - 42. Let v(x) be the first derivative of m(x). Determine v(0).
-1
Suppose -5*d - 5*f = -50, -2808*d + 2803*d = 4*f - 50. Let l(r) = -5*r + 5*r - 2*r. What is l(d)?
-20
Let z = -53 + 70. Suppose 55 = -5*j - 5*t, -4*j - 31 = 5*t + z. Let f(k) = -2*k - 6. Calculate f(j).
8
Suppose -7*f = -6*f - 3. Let l(h) = 5*h**2 + 25*h - 8. Let x(o) = 14*o**2 + 69*o - 23. Let w(b) = 11*l(b) - 4*x(b). Calculate w(f).
-8
Let f be 2/(-8) - (-45)/36. Let z(v) = 9*v**2 - 2 - v**3 + 4*v - 22*v**2 + 1. Let b(c) = c**2 - c. Let d(a) = f*z(a) + 5*b(a). Give d(-8).
7
Let g(x) = 1028 - 478 + 5*x - 396 + 3*x. Give g(-16).
26
Suppose 2*v + 15 = -4*o - 7, 0 = -o + 5*v. Let f(n) be the third derivative of -n**5/60 - n**4/6 - 2*n**3/3 + 15*n**2. Calculate f(o).
-9
Let v(l) = 39 + 174294*l**2 - l**3 + 6*l - 17*l - 174291*l**2. Determine v(3).
6
Let z(u) = -15*u**2 + 7*u + 54. Let o(l) = l**3 + l**2 - l - 22. Let c(v) = -2*o(v) - z(v). What is c(6)?
-4
Let g(o) be the first derivative of -o**2/2 + 13*o + 1. Let a = 1220 - 1220. What is g(a)?
13
Let c = 1 - -1. Let t(l) = -6*l + l**3 - 5*l + 0*l**2 + 5*l + 5*l**c. Suppose -1569 = -w - 1575. Calculate t(w).
0
Suppose -8*v + 117 = -83. Let n(x) = 7*x**2 - 8 + 32 - v. Determine n(-1).
6
Let o(m) = -12*m. Suppose -7*u + 12*u = 325. Suppose -44 + u = -21*p. What is o(p)?
12
Let j(n) = 10*n**2 + 13*n - 3. Let l be j(5). Suppose d = 2*d - l. Let g(y) = 3*y**2 + d*y - 1 - 312*y. What is g(-2)?
11
Let o(d) = d**3 - 6*d**2 + 4*d + 5. Suppose 5*j = -3*c + 12, -4*c + 16 = -j - 2*j. Suppose -8*g + 0*g - 112 = j. Let p be (-23)/(-5) + g/(-35). What is o(p)?
0
Let p(q) = 2*q**3 - q**2 - 3*q + 5. Let x be p(2). Let i = x + -12. Let n(f) = 6*f - 1. Calculate n(i).
-7
Suppose -1 = -3*t + 2. Let u(v) be the first derivative of -v**3/3 + v**2/2 - v + 3022. What is u(t)?
-1
Let v(p) = p**2 + 2. Let w(b) = -4*b**2 - b - 10. Let d(h) = -5*v(h) - w(h). Let t(j) = 2*j**2 + 1. Let f(z) = d(z) + t(z). Calculate f(0).
1
Let h(x) = -7*x**2 - x. Let w be h(-1). Let j(t) = -t**3 + 5*t + 16. Let u(l) = -7*l**3 + 5*l**2 + 33*l + 127. Let z(g) = 8*j(g) - u(g). Give z(w).
-5
Let m be (48/(-36))/((-6)/189). Let b(x) = -1 + 17*x - 14*x**2 + 15*x**2 + 20*x - m*x. Calculate b(6).
5
Let c(h) = 6*h**2 - 2*h - 2. Let p(d) = -738 + 38*d**2 - 40*d**2 - 43*d + 715. Let g be p(-21). Determine c(g).
26
Let y(h) = -h**3 - 3*h**2 + 7*h - 19. Suppose 2*r = -11*o - 65, 5*o + 50*r = 49*r - 30. Determine y(o).
-4
Let f(v) be the third derivative of -v**5/60 - 5*v**4/12 - 7*v**3/6 - 13*v**2. Let y = 87 + -95. Determine f(y).
9
Let x(u) = -u**2 + 22*u - 80. Let p = 5148 - 5131. Give x(p).
5
Let r(b) be the second derivative of -b**5/20 - b**4/12 + b**2 + 7*b. Suppose -2*q + 21 = -3*j + 25, 0 = 5*q + 4*j + 10. Calculate r(q).
6
Let p = 9 - 12. Let m(r) be the first derivative of 2*r**3/3 - 4*r + 393. Determine m(p).
14
Let g(i) = -i. Let a(r) = -r - 5. Let s be a(6). Let k be (s - -1)*(-4)/4. Suppose 40 = k*p - 10. What is g(p)?
-5
Let f(v) = 16*v**3 + 2*v - 1. Suppose -217*j - 97*j = -70*j - 488. What is f(j)?
131
Let v(l) = -20*l**2 - 3*l - 18. Let o(q) = q**2 + 2. Let x(j) = -5*o(j) - v(j). Let y(s) = 14*s**2 + 2*s + 7. Let k(z) = 5*x(z) - 6*y(z). Calculate k(1).
-8
Let a(g) = 3*g**3 - 16*g**2 - 16*g - 16. Let t(j) = 14*j**3 - 65*j**2 - 65*j - 65. Let q(y) = -9*a(y) + 2*t(y). What is q(-13)?
1
Let k(j) = -8*j**2 + j + 6. Let f(l) = -31*l**2 + 26*l - 1. Let s(a) = f(a) - 4*k(a). What is s(-22)?
-25
Let j(y) = -y**2 + 14*y + 34. Let x = 76 + -60. Calculate j(x).
2
Let h = 34 + -32. Let p(q) = 10*q**2 - 5 + q**3 - 4*q + 14*q**2 - 27*q**h. Let n = 26 + -22. What is p(n)?
-5
Let q(r) = -r**3 - 1. Let x(t) = t**3 - 4*t**2 - 5*t - 2. Let k(h) = 2*q(h) + x(h). Suppose 3*c = 2*m - 7, 59*m - 60*m = 5*c + 16. Give k(c).
2
Let u(w) = 6*w + 16. Let q(l) = 31*l + 79. Let g(a) = 2*q(a) - 11*u(a). What is g(-7)?
10
Let j(v) = v**2 - 10*v - 5. Let a(s) = s**2 + s + 1. Let t(n) = -2*n - 46. Let d(f) = a(f) + t(f). Let c be d(8). Give j(c).
6
Let b(q) be the third derivative of q**5/60 + 5*q**4/12 - 167*q**3/3 + 59*q**2 + 16. Calculate b(-24).
2
Let h(b) = -b**2 + 16*b + 39. Let p(w) = 3*w + 45. Let z be p(-9). Determine h(z).
3
Suppose n - 6 = -a, -128*a + 124*a - 5*n + 31 = 0. Let b(t) = -1. Let r(l) = 3*l - 6. Let s(j) = 6*b(j) - r(j). Give s(a).
3
Suppose 0 = -0*h + 3*h + 12, 2*h + 10 = 2*m. Let i(z) = -m + 2 - 1 + 4 + 2*z - 8. Suppose f + 8*w + 7 = 3*w, 2*w + 6 = 0. Give i(f).
12
Let w(d) be the second derivative of -9/2*d**2 + 5/6*d**3 + 0 - 151*d. Give w(6).
21
Let r = -465 + 469. Let o(u) = 2*u**3 - 5*u**2 + 3*u. Give o(r).
60
Let n(s) = -17*s**2 + 17*s - 52. Let p(g) be the third derivative of -g**5/12 + g**4/4 - 17*g**3/6 - 7*g**2 - 6. Let x(m) = 2*n(m) - 7*p(m). Determine x(6).
3
Let u(n) = n**2 + 8*n - 28. Let x be u(-11). Let z(t) be the third derivative of t**4/24 - 7*t**3/6 - 4*t**2. Calculate z(x).
-2
Let y = 174 + -153. Suppose y = -t + 14. Let w(d) = -2*d + 6. Determine w(t).
20
Let r(s) be the third derivative of -s**4/8 - 4*s**2. Suppose 4*c = 5*z - 12, -4*z - 185*c - 48 = -181*c. Determine r(z).
12
Let k(f) = -2*f**3 - 205*f**2 + 101*f - 201. Let m be k(-103). Let i(h) = -2*h**3 + 12*h**2 - 11*h - 11. Calculate i(m).
-16
Let y(u) be the second derivative of -u**5/60 + u**4/24 - u**3/3 - 7*u**2 - 2*u - 46. Let j(f) be the second derivative of y(f). Give j(-5).
11
Let w(d) = -d**3 + 4*d**2 + 5. Let f be (-1140)/(-25) + (-2)/(-5). Let o(m) = 2*m**2 - 28*m + 12. Let t be o(15). Let r = f - t. Calculate w(r).
5
Let d(t) = -2*t**3 - 7*t**2 + 3*t + 5. Let c = 19545 + -19549. Give d(c).
9
Let n(c) be the third derivative of 37*c**5/60 - c**4/8 - c**3/3 + 21*c**2 + 46. What is n(-1)?
38
Let f(a) be the third derivative of 7*a**4/8 + 37*a**3/6 - 1402*a**2. Calculate f(-2).
-5
Let g(k) = -k - 21. Let q be g(-18). Let x be (-5 + 1 - -3)*(-1 + q). Let z(m) = -3 - 3*m - 4*m + 4*m + x*m. Determine z(4).
1
Let r(b) = b + 14. Let h be r(-18). Let c(x) = 291*x**3 - 348*x**2 - 290*x**3 + 9*x + 179*x**2 + 174*x**2. Determine c(h).
-20
Let u(z) = -z**2 + 2. Let y = 251 - 239. Suppose -l = y*l - 39. Calculate u(l).
-7
Suppose -6*u - 3*u = 216. Let o = u - -52. Let d = o - 28. Let m(q) = -q + 5. Give m(d).
5
Let o be (1 - (-12)/(-6))*7. Let a(y) = 10*y**3 + 14*y**2 + 7*y + 27. Let s(m) = -7*m**3 - 9*m**2 - 5*m - 18. Let f(g) = -5*a(g) - 7*s(g). What is f(o)?
-9
Let p(u) be the second derivative of -u**7/840 + u**6/90 - u**5/30 + u**4/8 - 29*u**3 + 85*u. Let b(y) be the second derivative of p(y). Calculate b(3).
0
Let u(f) = -339*f**2 + 13*f + 9. Let l(a) = 171*a**2 + a + 1. Let x(j) = -2*l(j) - u(j). What is x(-4)?
1
Let s(u) = u**2 - 7*u + 9. Suppose -4*d - 260 = -4*o, -5*d + 10*d = o - 61. Suppose 0 = -o*i + 73*i - 42. Calculate s(i).
3
Let k(l) = l**3 - l**2 + 1. Suppose 3*y - 2*y = 12. Suppose -8*x = -240 + 152. Let s = x - y. Calculate k(s).
-1
Let o = -3496 + 3507. Let h(z) = -z**3 + 10*z**2 + 13*z - 15. Calculate h(o).
7
Let x(n) = n**3 + 6*n**2 - 7*n - 7. Let h(w) = w**3 + 2*w**2 + w - 5. Let p be -4 - (3 + -100 + 4 - 4). Let q = p + -95. Let m be h(q). Determine x(m).
-7
Let r(c) = -16*c + 4. Suppose 2*d + 7 = v, 58*d - 56*d - 4*v + 16 = 0. What is r(d)?
36
Let k(w) be the first derivative of w**3 - 13*w**2/2 - 2